q + 6*s - 8*s. Is (-52297)/(-21) - (-3 + (-7)/q) composite?
True
Is 28/(-35) + 14138937/15 composite?
True
Let f(i) = i**2 + 7 + 32*i**2 + 23*i + 9*i**3 - 11*i**3. Is f(16) composite?
False
Let i(m) = -m**2 + 9*m + 54. Let q be i(13). Suppose -5*k + s = -7988, q*k + 3*s - 5*s = 3200. Is k composite?
False
Let x = 1879 + 15. Suppose -125 = -3*r + x. Is r a composite number?
False
Let v = -89 + 205. Let d = -51 - -108. Let a = v - d. Is a composite?
False
Suppose 2*k = -5*f + 2386, -f + 2*k = -5*f + 1910. Let v = f + 111. Is v a prime number?
True
Let j = -7 + 4. Let a be (1/j)/((-9)/(-81)) + 3426. Suppose 6*i - 3*i - a = 0. Is i prime?
False
Let x be 16*(2 + 15/(-10)). Suppose x = 2*w, -4*w - 4339 - 4222 = 3*y. Is y*(4 - (-39)/(-9)) composite?
False
Suppose 10*l + 3*l - 78 = 0. Suppose -12*k = -l*k. Suppose k = 9*n - 6 - 1893. Is n a prime number?
True
Let m(u) = -19*u**3 - 18*u**2 - 36*u - 74. Is m(-12) prime?
False
Suppose 2*k = 11*k + 18. Let z(g) = -1808*g - 23. Is z(k) a composite number?
False
Let m(w) = -80001*w - 4423. Is m(-2) composite?
False
Suppose z = -y - 207, -2*y + 0*z - 417 = -z. Let w = -27 - y. Suppose -w = -c - 4*u, -3*c + u - 2*u = -554. Is c a composite number?
True
Is (-6646)/5*(-7535)/274 composite?
True
Let t(b) = 12*b**2 + 4*b - 4. Let o be t(1). Let x be -6*-1*3/o*-2. Let k(n) = -18*n**3 - n**2 - 4. Is k(x) prime?
False
Suppose 0*z - 2*z = 2*v - 1184, z + 1175 = 2*v. Let w(g) = -4*g**3 - 27*g**2 - 57*g - 2. Let i be w(-9). Let y = v + i. Is y prime?
False
Suppose 78 = -11*b + 320. Suppose -56*f + b*f = -406946. Is f a composite number?
False
Let j = -2 + 4. Suppose -4*t - k + 15335 = 0, -3*t - 4*k + 3761 = -7737. Suppose -3*v + 3*r = 2 - 2882, 4*v - t = -j*r. Is v a composite number?
True
Let z(g) = g**2 + 3*g - 25. Let l be z(-6). Let c(x) = -x**2 - 7*x + 4. Let a be c(l). Suppose 3*r + 4*q = -r + 136, -130 = -a*r + 2*q. Is r a prime number?
False
Let o = 15 - 16. Let y be 2707/(-2)*(-2 + 1 + o). Suppose y + 5350 = 7*c. Is c prime?
True
Suppose 2*s = 310*b - 313*b + 1037150, 4*s - 2074268 = 2*b. Is s composite?
True
Suppose -2*p - 51 = 5*q, -4*q + 72 = -2*p - 2*q. Let x be -1 - (3 - 0 - 5). Is (22596/11 - x) + 6/p prime?
True
Let n = 414 - 414. Suppose -3*p = -2*k + 226 - 5499, -p - k + 1756 = n. Is p composite?
True
Let u(y) = -11*y**3 + 10*y**2 + y + 15. Is u(-13) prime?
False
Is (3/(-4) - -1)/(10/279960) a prime number?
False
Let q = 69 + -139. Let k = q - -74. Suppose k*w - 1066 + 302 = 0. Is w prime?
True
Let q(j) = -j + 13. Let v be q(10). Let p be (-2504)/(-20) + -1 + v/(-15). Let g = -81 + p. Is g a prime number?
True
Let q = -4521 + 6435. Let p(d) = 15*d - 28. Let h be p(-35). Let v = q + h. Is v a prime number?
True
Let b = 667876 + -39639. Is b prime?
False
Suppose 0 = -12*m + 3245001 + 2378505 - 738174. Is m prime?
False
Let n be (1420/(-50))/((-1)/(-5)). Let m = -83 - n. Suppose 0 = 3*t - 748 - m. Is t a prime number?
True
Is (-1)/(-5) + 13869546/45 + (-272)/(-102) prime?
False
Let z = 401925 + -242056. Is z prime?
True
Is 243007 - ((-6156)/(-19))/18 composite?
False
Let u(b) = -2*b**3 + 33*b + 1. Let s be u(-4). Is 36/(-24)*12484/s a composite number?
True
Suppose 4*q + 2*a - 24947806 = 0, 3*q - 20368120 + 1657262 = -5*a. Is q a prime number?
False
Is 900208/32*(-4)/(-2) prime?
True
Let g be (-1 + -2)/(165/(-220)). Suppose 0*a + 3*a - 4409 = -q, 0 = q - 2. Suppose 3*l - a = -g*t, -2*t + 724 = -5*l + 3*l. Is t prime?
False
Suppose -q - n + 3716 = 0, 3*n = -7 - 8. Suppose -12907 = -3*i - q. Is i a prime number?
False
Is 8/((-20)/(-5)) - -3807 a composite number?
True
Suppose -3*t + 1665227 = -2*b, 648*t - 653*t - 2*b + 2775357 = 0. Is t a prime number?
True
Suppose 3 = -r, 3*r = 2*x - 52602 - 1717. Is x prime?
False
Suppose -4*b + 12*b = 0. Suppose 20*i + 1536 - 56476 = b. Is i prime?
False
Suppose -h + 462631 = 4*w, -4*w - 509*h = -513*h - 462616. Is w prime?
True
Let p be (-2)/10*5*-5. Is (-324506)/(-35) + (p - (-112)/(-20)) a prime number?
False
Let k(c) = 177*c - 13. Suppose 4*b - 104 - 292 = 0. Let h be 12/(-20) - b/(-15). Is k(h) a prime number?
True
Suppose -3*j = 3, -4*j - 9 + 0 = 5*q. Let v be (-1)/(-2)*(q - -2255). Suppose 13*o = 6*o + v. Is o composite?
True
Suppose -3*k = w - 6202, -173*k = -2*w - 168*k + 12459. Is w a prime number?
True
Suppose -4*r + 25982 = 6*n - 119600, r - 4*n = 36423. Is r a prime number?
False
Suppose 0 = -w + 3, f + 3*w - 32 = -152. Is 42438/8 - 1 - f/(-172) a prime number?
True
Let x = 9 + -6. Suppose -3*w + 17 = -2*i, -x*w - i + 50 = 2*w. Is (76 - -1 - (-6 + w)) + 3 prime?
False
Let u = -153 - -152. Let o(t) = 4416*t**2 + 2*t + 3. Is o(u) a composite number?
True
Let h(a) = 1626*a**3 + 28*a**2 - 92*a - 25. Is h(4) composite?
False
Suppose 2*z + 45 = 53. Suppose 12715 = 3*y - 4*r, -z*y - 2*r + 16949 = -3*r. Is y a prime number?
False
Suppose -16*n + 57927 = -3*n - 12*n. Is n composite?
True
Let i = 39392 + -22731. Is i composite?
False
Let x(i) = -12*i**2 + 912*i - 157. Is x(72) a composite number?
False
Let b = -184 - -798. Suppose -3*y = -2959 - b. Let q = 1672 - y. Is q prime?
False
Suppose -2*b - k = -1 - 3, 5*b - k = 17. Suppose 6 = -b*g, -2*t + 4*g + 5 = 1. Is (1761 - (t + 4))/(-1 - -2) prime?
True
Suppose 0 = -3*t - 4*b + 2, 3*b + 7 = -3*t + 5*t. Is (-16)/10 + t + (-1463)/(-5) a composite number?
False
Suppose -56*r + 57*r = 7. Is r - (4 + -20073 - -2) a composite number?
True
Let z be (-4 - 1) + 1*-9. Is ((-485)/20*z)/((-2)/(-4)) a composite number?
True
Let n(y) = 97*y**2 - 7*y + 2. Let r be n(-5). Suppose -854 = -i + r. Suppose 0 = 5*o - o - i. Is o a composite number?
False
Let z(u) = -u**2 + 4*u + 15. Let o be z(6). Suppose 2*v + 5856 = -4*y, y = -6*v + o*v - 1464. Let q = y + 2375. Is q prime?
True
Let c = -103 - -918. Is c a composite number?
True
Suppose 40 = 73*s - 78*s. Is (40/(-10))/(s/2434) composite?
False
Let l = 85364 + -50697. Is l prime?
True
Let y be (-20 + (-25)/(-5))*-1. Suppose -18*k + y*k + 3 = 0, n - 4*k = 4123. Is n composite?
False
Let s = 325883 + -95434. Is s prime?
True
Let m(y) = 6*y**2 - 88*y + 13. Let o(h) = 13*h**2 - 174*h + 27. Let l(r) = -7*m(r) + 3*o(r). Is l(27) a composite number?
True
Suppose -19*y + 361563 = -1236280. Is y prime?
False
Let x = -74 - -93. Suppose -3*j = -25 + x. Suppose 0 = j*f - 3*w - 78, -2*f + 0*w = w - 78. Is f composite?
True
Let t = -16969 + 57368. Is t a prime number?
False
Let c(j) = -j**3 - 7*j**2 + 4*j + 11. Let h be c(-10). Suppose -1632 - h = -z. Is z composite?
True
Suppose -789 = -7*q - 348. Is 18591*((-10)/(-18) - 14/q) a composite number?
False
Let t(w) = -379*w**3 + 3*w**2 + 4*w + 1. Let j(l) = l**3 - 8*l**2 + 8*l - 8. Let c be j(7). Is t(c) prime?
True
Let k(f) = 3*f**2 - 29*f - 2. Suppose 0 = 14*g - 93 - 103. Let s be k(g). Let p = 479 - s. Is p a composite number?
True
Let h(u) = u**3 - 25*u**2 + 134*u + 40. Let q be h(17). Suppose -q*l + 23785 = -55925. Is l prime?
False
Let t be 7952/(-24)*(-21)/2. Suppose 4*h + 5*m = 7454, 2114 = 3*h + 5*m - t. Is h a prime number?
True
Let b be (-20)/(-70) - 6662/(-7). Let s = b - 2113. Let t = s - -2714. Is t a prime number?
True
Let c = 204367 - 60954. Is c prime?
True
Suppose 0 = -6*i + 56*i - 4700450. Is i a prime number?
True
Suppose -76*k + 71*k + 6805 = 0. Is k a prime number?
True
Suppose -14*b + 24977 = -10*b - 5*a, 2*b = 2*a + 12486. Is b prime?
False
Let z(p) = -11*p**2 + 19*p + 28. Let v be z(17). Let m = -3987 - v. Let h = 2310 + m. Is h composite?
False
Let x(t) = -t - 7. Let j be x(-9). Suppose a - m + 2 = j*a, 3*m = 3*a - 6. Suppose n = -4*l + 1230, -6*l + 2*n + 1224 = -a*l. Is l a composite number?
False
Suppose 4*w = 9*w - 20. Suppose 0 = -4*u + 3*u + w. Suppose u*h + 1189 = 3*z - 0*z, 0 = 5*z - 5*h - 1975. Is z a prime number?
False
Let b = -18 - -22. Suppose -b*m + 59 = m + 3*d, m + 4*d - 22 = 0. Is ((-335)/m)/((-3)/30) composite?
True
Let y = 87 + -85. Suppose -4*f - h = -8698, 0*h = -y*f - h + 4350. Is f a composite number?
True
Let l(z) = -412*z - 224. Let g be l(-23). Is g/6 + -3*(-1)/3 a prime number?
True
Let u = 476748 - 272051. Is u prime?
False
Let s = 425 + 3617. Suppose -669 - s = -7*c. Is c composite?
False
Suppose -242576 - 126147 = -5*y + 2*u, y - 6*u = 73795. Is y prime?
False
Let v = -424165 + 778892. Is v pri